 20 is divided by i?
2
Let n(a) = a**2 - 3*a - 52. Let s(w) = 58*w + 1548. Calculate the remainder when s(-23) is divided by n(-8).
34
Let a = -20578 - -22797. Calculate the remainder when a is divided by 27.
5
Let u = 26088 + -25143. What is the remainder when u is divided by 459?
27
Let i be 3*(-4)/(-48)*8. Suppose -i = -16*o + 14. Calculate the remainder when 5 is divided by o.
0
Suppose g + 12*z = 16*z + 72, -5*g + z = -341. What is the remainder when 1196 is divided by g?
40
Let i = 5288 + -5168. What is the remainder when 971 is divided by i?
11
Let i(x) = -x**3 - 4*x**2 - 3*x - 42. Let a be i(-5). Let p(t) = -4*t**3 + 3*t**2 - 9*t - 21. What is the remainder when 326 is divided by p(a)?
39
Suppose h + 190 = p, -63*p - 755 = -67*p + 5*h. Calculate the remainder when 1558 is divided by p.
193
Let v(n) = -n**3 - 14*n**2 + 11*n - 19. Suppose -4*a = a + 2*w - 545, 0 = -4*a + w + 449. What is the remainder when a is divided by v(-15)?
29
Let l(w) = -1392*w + 12584. Let c = 97 + 31. Suppose -2*h = -c - 542. Calculate the remainder when h is divided by l(9).
55
Let t = 1374 - 1362. Calculate the remainder when 43 is divided by t.
7
Let z = -889 + 913. Calculate the remainder when 44 is divided by z.
20
Let h = -25 - -73. Let z(x) = -x**2 + 42*x + 142. Calculate the remainder when z(42) is divided by h.
46
Let v(d) be the first derivative of 45*d**2 - 20*d + 26. Let w(n) = 36*n - 8. Let t(z) = -5*v(z) + 12*w(z). Calculate the remainder when t(-3) is divided by 20.
18
Let q(u) = -2*u + 2. Let t be q(1). Suppose -2*o - 4*o = -534. Calculate the remainder when o is divided by 32*(t + -1)*-1.
25
Suppose 2*z - 5132 = -4856. What is the remainder when z is divided by 43?
9
Let h(o) = o**2 - 2*o - 28. Let f be h(-10). Suppose -95*x + 138 = -f*x. Calculate the remainder when 82 is divided by x.
36
Calculate the remainder when ((-4)/5)/((10 - 446841/44685)*-6) is divided by 133.
130
Let s be 6/(-2) + 28 + -2. Let p be -2 + (-152)/(-14) - (-1)/7. Let x = s - p. What is the remainder when 51 is divided by x?
9
Suppose 32*l = 26*l - 12. Calculate the remainder when 197 is divided by (22/5*l)/(2/(-5)).
21
Suppose -f + 40 = k, -20*k + 23*k = -4*f + 126. Calculate the remainder when 439 is divided by k.
31
Suppose 1196 = 347*j - 295*j. What is the remainder when 2919 is divided by j?
21
Suppose 5*v - 3*x = 1476, -v + 4*x + 360 = 75. Let c = v - 254. Calculate the remainder when c is divided by 0 + -1*2 + 24.
21
Calculate the remainder when 608 is divided by (12375/(-1350))/((-1)/66).
3
Let l(b) = -24*b**2 + 18*b + 35. Let v be l(-3). Let m = -230 - v. Calculate the remainder when 154 is divided by m.
4
Let y(x) = 22*x - 1456. What is the remainder when 10241 is divided by y(67)?
17
What is the remainder when 1286 is divided by (34/(-8) - -3)/(51/(-612))?
11
Let m = 78 - -9. Suppose -44 = 5*c + 11. What is the remainder when m is divided by 5/((-10)/c)*(0 - -4)?
21
Suppose 3*p - 126 = 4*f, -5*p = 8*f - 4*f - 210. What is the remainder when 312 is divided by p?
18
Let t(y) = -y + 5. Calculate the remainder when t(-4) is divided by 19 - ((-110)/(-11) - 3) - (-7)/(-1).
4
Let c = 363 - -85. Suppose 2*v = -2*h + 100, -2*h - 94*v = -95*v - 73. What is the remainder when c is divided by h?
38
Let u(z) = 140*z - 88. Let g be u(8). Let j = g - 848. What is the remainder when j is divided by 94?
90
Calculate the remainder when -14 + (11 - 0) + 1 + 612 is divided by 75.
10
Suppose 3*z - 8*z - 5*o = -210, z - 27 = -4*o. Suppose -2*y - 213 = -3*n, 0 = -n + 3*y + z + 17. Calculate the remainder when n is divided by 37.
36
Calculate the remainder when 1075/6 + (37/(-6) + 0 - -7) is divided by 50.
30
Suppose 5*s = -c - 10, 1 = -4*c + s + 66. What is the remainder when 204 is divided by c?
9
Suppose -4*s + 32 = 3*i, i + 0*i + 16 = 4*s. Suppose 3*t - 14 = -r, i*t + 6*r = r + 26. What is the remainder when 55 is divided by t/14 - (-1 + (-534)/42)?
13
Let b = -260 + 330. What is the remainder when (-3486)/b*(-5)/3 is divided by 44?
39
Suppose 0 = -3*j - c + 61, -4*c = -0*j - 4*j + 108. What is the remainder when 350 is divided by j?
20
Suppose -4*g - 4*n + 44 = 0, -3*n - 34 + 7 = -3*g. What is the remainder when 178 is divided by 432/60*g/6?
10
Let v(h) = 1165*h - 7804. What is the remainder when v(10) is divided by 640?
6
Let u = 10345 - 9887. Calculate the remainder when u is divided by 125.
83
What is the remainder when 2/(-18) - (-1259739)/(-108)*(-8)/18 is divided by 247?
244
Let i = -112 + 106. Let m(x) = -x**3 - 3*x**2 + 13*x - 12. What is the remainder when 49 is divided by m(i)?
13
Suppose c - 344 = 21*t - 17*t, 1666 = 5*c - 2*t. What is the remainder when c is divided by 136?
60
Suppose 0 = -9*n + 19 - 73. Calculate the remainder when 242 is divided by ((-294)/(-35))/(n/(-60)).
74
Let v(q) = 74*q - 5683. Calculate the remainder when v(92) is divided by 104.
85
Let o = -4258 + 4272. What is the remainder when 43 is divided by o?
1
Suppose 315*j - 105 = 308*j. Calculate the remainder when 4273 is divided by j.
13
Suppose -7*k + 14 - 42 = 0. What is the remainder when (100 + 23)/(1/k + 1) is divided by 54?
2
Let m = 210 - 207. Suppose 3*d = 4*n + 40, -d + 16 = m*d + 4*n. Calculate the remainder when 60 is divided by d.
4
Suppose 14 = -2*j - 2*g, -2*g + 31 + 3 = -2*j. Let m = j + 68. Calculate the remainder when m is divided by 19.
18
Suppose -o - 4*l - l = -59, 90 = 2*o - 4*l. Let g be (7 - (1 - -7))*-13. Suppose -86 = -g*h + 44. What is the remainder when o is divided by h?
9
Suppose 167*w = 180*w - 1092. What is the remainder when 2 - -4 - (-5)/(10/994) is divided by w?
83
Suppose -73*o + 25974 = 260*o. What is the remainder when 1189 is divided by o?
19
Let y(b) = -14 - 3*b - 4*b + 4*b. Suppose 2*s = -5*g + 321, -138 = 17*g - 19*g - 4*s. What is the remainder when g is divided by y(-10)?
15
Suppose 4*n - n = 18. Let s(j) = 10*j + 52. Let v be s(-5). Suppose -3*l - 41 = -2*u, v*l + 70 = 4*u - 0*l. Calculate the remainder when u is divided by n.
4
Suppose 9*p - 10*p - a - 1081 = 0, -a - 3243 = 3*p. Let n = 1112 + p. What is the remainder when n is divided by (0 - 1)*(-18 - 0)?
13
Suppose 9*g = 8*g + 1. Suppose l = 0, r = 5*r - l - 152. Calculate the remainder when r is divided by 152/7 - (2/(-7))/g.
16
Suppose -55*j - 1705 = -2136 - 5399. Calculate the remainder when 4448 is divided by j.
102
Suppose -1135 = -5*n - 5*v + 11*v, 0 = -4*n - 4*v + 952. What is the remainder when n is divided by (-1 - 0/(-5)) + 31?
23
Let j(s) = -s - 1. Let v(w) = -39*w - 28. Let z(m) = -6*j(m) - v(m). Calculate the remainder when z(7) is divided by 44.
41
What is the remainder when -18*(459/(-18) + 3 + -4) is divided by 37?
33
Suppose -44*f + 2272 = -544. What is the remainder when 325 is divided by f?
5
Let o = -102 + 104. Let c be (-184)/(-23)*6/(-8). Calculate the remainder when o is divided by -1 - (c + 6/(-9)*-6).
0
Suppose -9*l = -11 - 25. Suppose 364 = 4*a + l*i, -5*i = -4*a + 253 + 147. Calculate the remainder when a is divided by 25.
20
Let w = -13 + 45. Suppose -7*i = x - 6*i - 300, -3*i = -3*x + 876. Let z = 307 - x. Calculate the remainder when w is divided by z.
10
What is the remainder when 64 is divided by (8 - -19)*(-2 + -3 + 7)?
10
Suppose 100 = 4*o - 2*k + 6*k, 4*o - 94 = 2*k. Let p be -99*-1*(o/9 - 0). Calculate the remainder when p/8 + -1 + 1 + -1 is divided by 7.
4
Let n(i) = i**3 + 6*i**2 - 2*i + 47. Calculate the remainder when n(12) is divided by 14.
11
Let w = -1134 - -1134. Suppose -r - o + 7 + 5 = 0, -r + 3*o - 8 = w. What is the remainder when ((-17)/(-1))/((-2)/(-6)) is divided by r?
2
Suppose 5*v = 2*u + 91 - 24, -4*v + 118 = -3*u. Calculate the remainder when 1/((0 - -3) + 137/u) is divided by 7.
4
Let y(s) = 15*s - 89. Let f be y(-10). Let m = 308 + f. Calculate the remainder when m is divided by 18.
15
Suppose -i + 4*i + 4*l = -166, 286 = -5*i - 2*l. Let p = 34 + i. Calculate the remainder when (-16)/p - 232/(-3) is divided by 27.
24
Suppose -106*k = -75*k - 62. Suppose -k*r + 406 - 366 = 0. Calculate the remainder when r is divided by 11.
9
Suppose 27*x - 93*x - 665 = -3041. Calculate the remainder when 63 is divided by x.
27
Let k = -46 - -68. Let a = 14 - k. Let h(u) = -4*u - 9. What is the remainder when h(a) is divided by 6?
5
Let a = -179 + 184. Let 